.
6
Let l = -1385 + 1448. Calculate the remainder when l is divided by 33.
30
Let m = 307 - 203. What is the remainder when m is divided by 18?
14
Let f = 75 - 15. Let o = 41 - 20. What is the remainder when f is divided by o?
18
Let j = 79 - 68. Calculate the remainder when 62 is divided by j.
7
Let u(f) = -f**2 - 8*f - 7. Let y be u(-7). Suppose -5*t - 14 - 6 = y, 0 = -4*h + 4*t + 204. Calculate the remainder when 187 is divided by h.
46
Let r = -1867 + 1952. What is the remainder when 95 is divided by r?
10
What is the remainder when 544 is divided by 36/(-66) + (-12)/(-33)*73?
24
Let i(q) = -q**2 - 7*q + 3. Suppose 609 = u + 6*u. What is the remainder when u is divided by i(-4)?
12
Let m be (-3*2)/(12/6). What is the remainder when 42 is divided by m/5 + 174/15?
9
Suppose -15*u + 8*u = -945. Let m = 68 - 40. Calculate the remainder when u is divided by m.
23
Let q(f) = 6*f + 28. Let n be 6/14 - (-341)/(-77). Calculate the remainder when 8 is divided by q(n).
0
Let j(z) = -z**3 + 9*z**2 - 16*z + 12. What is the remainder when j(3) is divided by 17?
1
Let l = -115 - -118. Let y(j) = -j**2 + 6*j - 1. Let v be y(6). Calculate the remainder when -1 + v + 9 + -1 is divided by l.
0
Let r(y) = 165*y - 1. Let u be r(1). Suppose 0 = -5*b - 1 - u. What is the remainder when 22 is divided by (-2)/11 - 270/b?
6
Suppose 2*z - 40 = -3*z. Suppose 0*c = -c + z. Suppose 2*t - 29 = -3*f + 39, -17 = -f + 5*t. Calculate the remainder when f is divided by c.
6
Let k = -56 + -27. Let m = k + 182. Suppose 19 = -4*q + m. What is the remainder when 38 is divided by q?
18
Suppose -4*t + 2*t + 92 = 0. Suppose 4*c + 5*n - 906 = 0, -27*n = -25*n + 4. What is the remainder when c is divided by t?
45
Suppose -2*m - 10 = -m + 4*z, -2*m = -5*z - 19. Suppose 3*b = 2*b + m. What is the remainder when 10 is divided by b?
0
Let g be 2165 + -1*25/5. Suppose 0 = -3*f + 12*f - g. What is the remainder when f is divided by 22?
20
Let f(u) = -2*u**3 - 13*u**2 - 13*u - 9. Let h be f(-6). Calculate the remainder when 92 is divided by (-6)/33 - (-633)/h.
16
Suppose 9*j - 2*j - 308 = 0. Let x = j + -31. What is the remainder when 51 is divided by x?
12
Suppose -h + 11 = -16. Calculate the remainder when 75 is divided by h + ((-12)/8 - -1)*2.
23
Let l(u) = 5*u - 21. Let a be l(5). Suppose -60 = -a*f + 72. What is the remainder when 97 is divided by f?
31
Suppose -6*f + 12*f + 318 = 0. Let l = f - -77. Calculate the remainder when l is divided by 13.
11
Let w be (-402)/(-42) - 6/(-14). Let n(t) = 6*t - 55. Calculate the remainder when 35 is divided by n(w).
0
Suppose -5*v = -11*v. Suppose v*j + 45 = 5*j. Calculate the remainder when 34 is divided by j.
7
Let c be (147/(-12))/7*-10*2. Suppose 5*l - c = -20. Calculate the remainder when 6 is divided by l.
0
Let h = -1047 - -1052. Calculate the remainder when 170 is divided by h.
0
Suppose 5*l - 471 = -i, -2*i - i + l + 1349 = 0. Calculate the remainder when i is divided by 24.
19
What is the remainder when 201 is divided by ((-2)/5)/((-4514)/410 + 11)?
37
Suppose -82 = -2*m - 1298. Calculate the remainder when m/(-24) - (-2)/(-6) is divided by 7.
4
Let x = 178 + -66. Let c = -45 + x. Calculate the remainder when c is divided by 17.
16
Let z(q) be the first derivative of q**4/4 + 8*q**3/3 + 3*q**2/2 - 9*q + 7. Let n be z(-7). What is the remainder when (-3 + (n - 2))/1 is divided by 5?
4
Calculate the remainder when (5 - (8 + -2))*10785/(-15) is divided by 176.
15
Let i = -4 - -3. Let j(p) = -9*p - 1. Calculate the remainder when 37 is divided by j(i).
5
Let r = -19 + 14. Let m be (4/(-4))/(r/20). Suppose f - m = 3. Calculate the remainder when 26 is divided by f.
5
Let f(a) = -a + 3. Let p be f(0). Suppose 3*l + 0*l = -5*b + 66, -b = p. Suppose -3*x + 0*x = -l. What is the remainder when 15 is divided by x?
6
Let c(g) = -g**3 + 14*g**2 + 73*g + 10. What is the remainder when 34 is divided by c(18)?
6
Let a(s) = 2*s**2 - 318*s + 642*s + 1 - 320*s. What is the remainder when 33 is divided by a(2)?
16
Let m(t) = -2*t**2 - 31*t + 9. What is the remainder when 516 is divided by m(-13)?
72
Suppose 0*g = 5*g. Suppose 3*l + 12 = g, -l + 0*l = -2*a + 10. Suppose 2*v = a*v - 33. What is the remainder when v is divided by 9?
6
Let b = -436 - -450. What is the remainder when (-16)/56 - 340/(-14) is divided by b?
10
Let w = 19 + 1. Suppose -4*o = 34 - 110. Calculate the remainder when (-282)/(-8) - 5/w is divided by o.
16
Suppose 3*s = 8*s - 40. Suppose i + s*i = 1062. What is the remainder when i is divided by 40?
38
Let j = 1 + 3. Suppose 0 = j*o - 172 - 136. Calculate the remainder when o is divided by (-2)/10 + (-524)/(-20).
25
Let p(z) = 4*z + 26. Let x be p(-5). Suppose 2*j = x*j - 252. What is the remainder when j is divided by 11?
8
Let s(m) = -m**2 + 40*m - 119. Calculate the remainder when 140 is divided by s(34).
55
Let w(c) be the third derivative of 2*c**4/3 - 2*c**3 + 9*c**2. Let d(s) = 2*s**2 + 5*s + 3. Let m be d(-3). What is the remainder when w(m) is divided by 29?
26
Suppose -2*k + 7*k + 12 = -4*f, -9 = -4*k + 3*f. Suppose k = 4*s - 2*s - 90. What is the remainder when s is divided by 23?
22
Suppose -84 = -3*z + 153. Calculate the remainder when z is divided by 20.
19
Let s be ((-16)/6)/(1/(-6)*4). Suppose s*w - 32 = 360. Calculate the remainder when w is divided by 11.
10
Let b(u) = u**3 + 2*u + 10. Let y be b(0). Suppose 106 - y = 8*r. Calculate the remainder when 46 is divided by r.
10
Let l be 2 - (-3)/6*0. Suppose 0*n + 5*m = 2*n + 42, 0 = l*m. Let f = -10 - n. What is the remainder when f is divided by 6?
5
Let p = 232 + -145. What is the remainder when p is divided by 5?
2
Let y = 89 - 87. Suppose -3*l = -10*t + 5*t - 288, -l + 95 = -y*t. Calculate the remainder when l is divided by 13.
10
Let r(o) = o**2 + 3*o - 13. Let t be r(5). Suppose -15*n + 48 + t = 0. Calculate the remainder when 14 is divided by n.
4
Let m(z) = 41*z. Calculate the remainder when m(1) is divided by (-2 - 1)/((-86)/258).
5
Let g = 5020 + -4994. Let j(z) = -76*z**3 + z**2 - z - 1. Calculate the remainder when j(-1) is divided by g.
25
Suppose 0 = -4*x + 309 - 93. Let b = -45 + x. What is the remainder when b is divided by 2?
1
Let l(o) = -o - 2. Let j be l(-1). Let g(b) be the second derivative of -5*b**3/2 + 2*b. What is the remainder when g(j) is divided by 8?
7
Suppose -2*x + 70 = 3*x + 3*m, 0 = 3*x + m - 42. Let z(c) = c**2 - 1. Let d be z(4). Calculate the remainder when 6/d - 512/(-20) is divided by x.
12
Suppose 105 = -6*d + 7*d. Suppose d*u + 260 = 109*u. Calculate the remainder when u is divided by 35.
30
Let y = -354 - -368. Suppose 2*a - q = -5*q + 18, -4*q = 3*a - 23. Calculate the remainder when y is divided by a.
4
Let z = -154 - -169. Calculate the remainder when 85 is divided by z.
10
Let p be (-413)/(-5) + 2/5. Suppose 21*q + p = 22*q. What is the remainder when q is divided by 17?
15
Let k = 58 + -30. Let n(u) = -6*u**2 + 30*u + 4. Let d be n(5). Suppose -k = -d*q + 5*t, -7 = q - 2*q + t. Calculate the remainder when 17 is divided by q.
3
Suppose -20 + 61 = 5*c + 4*z, -4*z + 6 = -2*c. Suppose -c*p = -8*p + 207. What is the remainder when p is divided by 18?
15
Suppose -27 = 3*a - 6*a. Let d = 9 + 39. Suppose 2*v = -0 + d. Calculate the remainder when v is divided by a.
6
Suppose 5*k + 1 = -4. Let m be 10 - k*(-5 + 2). Let f(j) = 2*j**2 - 9*j + 10. What is the remainder when f(m) is divided by 12?
9
Suppose 0 = 16*p - 69 - 43. Suppose 176 = 3*d - p. Calculate the remainder when d is divided by 7.
5
Let i be 30/(-8)*((-96)/(-9))/4. Calculate the remainder when (-67)/(i/(-4) + (-2 - 1)) is divided by 27.
26
Suppose -305*g + 314*g - 234 = 0. Let u = 12 + 88. What is the remainder when u is divided by g?
22
Suppose -12*x = -x - 297. Calculate the remainder when 98 is divided by x.
17
Let h(l) = -l**3 + 2*l + 1. Let w(x) = 5*x**2 - 57*x + 37. Calculate the remainder when h(-4) is divided by w(11).
12
Suppose -b = -3*j + 281 + 220, 3*b + 175 = j. What is the remainder when j is divided by 9?
4
Let s be (-3)/(-3) - (5 - 2). Calculate the remainder when 22 - (-2)/(-4)*0 is divided by 26 - 10 - s/((-4)/6).
9
Suppose -1273 + 81 = -8*g. What is the remainder when g is divided by 23?
11
Let w be (-3)/((15/(-2))/5). What is the remainder when (1